{"id":75137,"date":"2017-10-06T08:47:37","date_gmt":"2017-10-06T08:47:37","guid":{"rendered":"http:\/\/jyskalgeservice.dk\/?page_id=75137"},"modified":"2017-10-06T08:47:37","modified_gmt":"2017-10-06T08:47:37","slug":"kontakt","status":"publish","type":"page","link":"https:\/\/dazzling-bhaskara.46-4-121-245.plesk.page\/index.php\/kontakt\/","title":{"rendered":"Kontakt"},"content":{"rendered":"<p>[vc_row type=&#8221;full_width&#8221;][vc_column offset=&#8221;vc_hidden-xs&#8221;][layerslider_vc id=&#8221;13&#8243;][\/vc_column][vc_column offset=&#8221;vc_hidden-lg vc_hidden-md vc_hidden-sm&#8221;][layerslider_vc id=&#8221;14&#8243;][\/vc_column][\/vc_row][vc_row css=&#8221;.vc_custom_1712744821056{margin-top: 50px !important;margin-bottom: 20px !important;}&#8221;][vc_column css=&#8221;.vc_custom_1704884990385{margin-top: 25px !important;}&#8221;][vc_custom_heading text=&#8221;Hent uforpligtende tilbud &#8211; udfyld formularen nedenfor&#8221; font_container=&#8221;tag:h2|text_align:center|color:%23111111&#8243; el_class=&#8221;heading-title-2&#8243;]\n<div class=\"wpcf7 no-js\" id=\"wpcf7-f73002-o1\" lang=\"en-US\" dir=\"ltr\" data-wpcf7-id=\"73002\">\n<div class=\"screen-reader-response\"><p role=\"status\" aria-live=\"polite\" aria-atomic=\"true\"><\/p> <ul><\/ul><\/div>\n<form action=\"\/index.php\/wp-json\/wp\/v2\/pages\/75137#wpcf7-f73002-o1\" method=\"post\" class=\"wpcf7-form init\" aria-label=\"Contact form\" novalidate=\"novalidate\" data-status=\"init\">\n<fieldset class=\"hidden-fields-container\"><input type=\"hidden\" name=\"_wpcf7\" value=\"73002\" \/><input type=\"hidden\" name=\"_wpcf7_version\" value=\"6.1.4\" \/><input type=\"hidden\" name=\"_wpcf7_locale\" value=\"en_US\" \/><input type=\"hidden\" name=\"_wpcf7_unit_tag\" value=\"wpcf7-f73002-o1\" \/><input type=\"hidden\" name=\"_wpcf7_container_post\" value=\"0\" \/><input type=\"hidden\" name=\"_wpcf7_posted_data_hash\" value=\"\" \/>\n<\/fieldset>\n<p>Navn\n<\/p>\n<p><span class=\"wpcf7-form-control-wrap\" data-name=\"navn\"><input size=\"40\" maxlength=\"400\" class=\"wpcf7-form-control wpcf7-text wpcf7-validates-as-required\" aria-required=\"true\" aria-invalid=\"false\" value=\"\" type=\"text\" name=\"navn\" \/><\/span>\n<\/p>\n<p>Adresse (valgfri)\n<\/p>\n<p><span class=\"wpcf7-form-control-wrap\" data-name=\"adresse\"><input size=\"40\" maxlength=\"400\" class=\"wpcf7-form-control wpcf7-text\" aria-invalid=\"false\" value=\"\" type=\"text\" name=\"adresse\" \/><\/span>\n<\/p>\n<p>Postnummer (valgfri)\n<\/p>\n<p><span class=\"wpcf7-form-control-wrap\" data-name=\"postnummer\"><input size=\"40\" maxlength=\"400\" class=\"wpcf7-form-control wpcf7-text\" aria-invalid=\"false\" value=\"\" type=\"text\" name=\"postnummer\" \/><\/span>\n<\/p>\n<p>Telefon\n<\/p>\n<p><span class=\"wpcf7-form-control-wrap\" data-name=\"telefon\"><input size=\"40\" maxlength=\"400\" class=\"wpcf7-form-control wpcf7-tel wpcf7-validates-as-required wpcf7-text wpcf7-validates-as-tel\" aria-required=\"true\" aria-invalid=\"false\" value=\"\" type=\"tel\" name=\"telefon\" \/><\/span>\n<\/p>\n<p>E-mail\n<\/p>\n<p><span class=\"wpcf7-form-control-wrap\" data-name=\"email\"><input size=\"40\" maxlength=\"400\" class=\"wpcf7-form-control wpcf7-email wpcf7-validates-as-required wpcf7-text wpcf7-validates-as-email\" aria-required=\"true\" aria-invalid=\"false\" value=\"\" type=\"email\" name=\"email\" \/><\/span>\n<\/p>\n<p>Beskriv kort din opgave (valgfri)\n<\/p>\n<p><span class=\"wpcf7-form-control-wrap\" data-name=\"besked\"><textarea cols=\"40\" rows=\"10\" maxlength=\"2000\" class=\"wpcf7-form-control wpcf7-textarea\" aria-invalid=\"false\" placeholder=\"Ved fliserens angiv gerne antal m2, om der \u00f8nskes impr\u00e6gnering\/fugesand\" name=\"besked\"><\/textarea><\/span>\n<\/p>\n<p><span class=\"wpcf7-form-control-wrap\" data-name=\"acceptance-701\"><span class=\"wpcf7-form-control wpcf7-acceptance optional\"><span class=\"wpcf7-list-item\"><label><input type=\"checkbox\" name=\"acceptance-701\" value=\"1\" aria-invalid=\"false\" \/><span class=\"wpcf7-list-item-label\">Jeg er indforst\u00e5et med, at Jysk Algeservice m\u00e5 kontakte mig med information om services via telefon og e-mail, og at mine data behandles iht. persondatapolitikken.<\/span><\/label><\/span><\/span><\/span>\n<\/p>\n<p>[honeypot skjult-felt]\n<\/p>\n<p><input class=\"wpcf7-form-control wpcf7-submit has-spinner\" type=\"submit\" value=\"Send\" \/>\n<\/p><div class=\"wpcf7-response-output\" aria-hidden=\"true\"><\/div>\n<\/form>\n<\/div>\n[vc_column_text]Husk at angive dine m2-m\u00e5l, hvis du \u00f8nsker <a href=\"https:\/\/dazzling-bhaskara.46-4-121-245.plesk.page\/fliserens\/\">tilbud p\u00e5 fliserens\/impr\u00e6gnering<\/a>.[\/vc_column_text][\/vc_column][\/vc_row][vc_row css=&quot;.vc_custom_1612426177600{padding-top: 15px !important;padding-bottom: 15px !important;background-color: #9ecd52 !important;}&quot;][vc_column width=&quot;1\/3&quot;][vc_icon icon_fontawesome=&quot;fa fa-check&quot; color=&quot;white&quot; size=&quot;xl&quot; align=&quot;center&quot; css_animation=&quot;appear&quot;][vc_custom_heading text=&quot;Vores medarbejdere sidder klar ved mail og telefon til at svare p\u00e5 dine sp\u00f8rgsm\u00e5l&quot; font_container=&quot;tag:h6|font_size:18|text_align:center|color:%23ffffff&quot; css=&quot;.vc_custom_1615277713507{margin-top: -30px !important;}&quot;][\/vc_column][vc_column width=&quot;1\/3&quot;][vc_icon icon_fontawesome=&quot;fa fa-check&quot; color=&quot;white&quot; size=&quot;xl&quot; align=&quot;center&quot; css_animation=&quot;appear&quot;][vc_custom_heading text=&quot;F\u00e5 en uforpligtende pris p\u00e5 fliserens, algebehandling af tage og\/eller facaderens&quot; font_container=&quot;tag:h6|font_size:18|text_align:center|color:%23ffffff&quot; css=&quot;.vc_custom_1615277732923{margin-top: -30px !important;}&quot;][\/vc_column][vc_column width=&quot;1\/3&quot;][vc_icon icon_fontawesome=&quot;fa fa-check&quot; color=&quot;white&quot; size=&quot;xl&quot; align=&quot;center&quot; css_animation=&quot;appear&quot;][vc_custom_heading text=&quot;Vi bestr\u00e6ber os p\u00e5 at besvare dine sp\u00f8rgsm\u00e5l indenfor 2 timer samme hverdag&quot; font_container=&quot;tag:h6|font_size:18|text_align:center|color:%23ffffff&quot; css=&quot;.vc_custom_1615277759182{margin-top: -30px !important;}&quot;][\/vc_column][\/vc_row][vc_row][vc_column][vc_custom_heading text=&quot;Hvem er vi?&quot; font_container=&quot;tag:h2|text_align:center|color:%23111111&quot; el_class=&quot;heading-title-2&quot; css=&quot;.vc_custom_1544527513072{margin-top: 20px !important;}&quot;][\/vc_column][\/vc_row][vc_row][vc_column width=&quot;1\/3&quot;][vc_column_text]Vi er et team af professionelle med speciale i forebyggende algebehandling og afrensning af alle typer overflader ude som inde.<br \/>\n&#8211; vi prioriterer milj\u00f8, kvalitet og service h\u00f8jt og tilstr\u00e6ber at du f\u00e5r det bedste resultat til den billigste pris![\/vc_column_text][\/vc_column][vc_column width=&quot;1\/3&quot;][vc_column_text]Vi prioriterer milj\u00f8et og bruger kun produkter, der er godkendt af Milj\u00f8styrelsen.<br \/>\nRenseteknikken vi bruger, er sk\u00e5nsom for alle overflader og vores v\u00e6rkt\u00f8j er godkendt og sikrer dig den mest optimale l\u00f8sning og samtidig har vi fokus p\u00e5 vores medarbejderes ergonomi.[\/vc_column_text][\/vc_column][vc_column width=&quot;1\/3&quot;][vc_column_text]Vi har mange kunder over hele landet, derfor har vi valgt at have base midt i landet, nemlig i Lund ved Horsens, da det er praktisk for os og sikrer at vi hurtigt kan n\u00e5 ud til jer og de opgaver vi skal l\u00f8se.<br \/>\n&#8211; vi servicerer b\u00e5de private og erhvervskunder og ingen opgave er for lille eller for stor for os![\/vc_column_text][\/vc_column][\/vc_row][vc_row row_type=&quot;parallax&quot; background_image=&quot;https:\/\/dazzling-bhaskara.46-4-121-245.plesk.page\/wp-content\/uploads\/2017\/03\/Parallax_bg_tag.jpg&quot; parallax_speed=&quot;0.5&quot; el_class=&quot;testimonial align-center&quot; css=&quot;.vc_custom_1544527547923{margin-top: 40px !important;}&quot;][vc_column][vc_custom_heading text=&quot;V\u00e6rdier&quot; font_container=&quot;tag:h2|text_align:left|color:%23ffffff&quot; el_class=&quot;heading-title-2&quot;][vc_row_inner][vc_column_inner width=&quot;1\/3&quot;][vc_column_text]<\/p>\n<p style=\"text-align: left; color: white;\">Hos Jysk Algeservice er vi kvalitetsbevidste, og up to date med produkter og h\u00e5ndtering af opgaver, s\u00e5 vi kan yde dig den bedste og mest tilfredsstillende service.<\/p>\n<p>[\/vc_column_text][\/vc_column_inner][vc_column_inner width=&#8221;1\/3&#8243;][vc_column_text]<\/p>\n<p style=\"text-align: left; color: white;\">Vi efterlader aldrig et ufuldf\u00f8rt stykke arbejde, og med vores milj\u00f8godkendte alge bek\u00e6mpelsesmidler og knowhow, s\u00f8rger vi for, at du altid er 100% tilfreds.<\/p>\n<p>[\/vc_column_text][\/vc_column_inner][vc_column_inner width=&#8221;1\/3&#8243;][vc_column_text]<\/p>\n<p style=\"text-align: left; color: white;\">Med \u00e6rlighed kommer man l\u00e6ngst, og det er vigtigt for os, at v\u00e6re p\u00e5 lige fod med vores kunder, ligesom priserne er realistisk vurderet efter opgaven.<\/p>\n<p>[\/vc_column_text][\/vc_column_inner][\/vc_row_inner][\/vc_column][\/vc_row][vc_row css=&#8221;.vc_custom_1544527564824{margin-top: 40px !important;}&#8221;][vc_column][vc_custom_heading text=&#8221;Find din by&#8221; font_container=&#8221;tag:h2|text_align:center|color:%23111111&#8243; el_class=&#8221;heading-title-2&#8243; css=&#8221;.vc_custom_1507281373541{margin-top: 10px !important;margin-bottom: 50px !important;}&#8221;][\/vc_column][\/vc_row][vc_row][vc_column width=&#8221;2\/4&#8243;][vc_single_image image=&#8221;75256&#8243; img_size=&#8221;full&#8221;][\/vc_column][vc_column width=&#8221;1\/4&#8243;][vc_tta_accordion style=&#8221;flat&#8221; c_icon=&#8221;chevron&#8221; active_section=&#8221;false&#8221;][vc_tta_section title=&#8221;K\u00f8benhavn&#8221; tab_id=&#8221;1507279337254-737a1b80-5b12&#8243;][vc_column_text]<a href=\"https:\/\/dazzling-bhaskara.46-4-121-245.plesk.page\/kobenhavn\">L\u00e6s mere her!<\/a>[\/vc_column_text][\/vc_tta_section][vc_tta_section title=&#8221;Aarhus&#8221; tab_id=&#8221;1507279337323-393c364a-496c&#8221;][vc_column_text]<a href=\"https:\/\/dazzling-bhaskara.46-4-121-245.plesk.page\/aarhus\">L\u00e6s mere her!<\/a>[\/vc_column_text][\/vc_tta_section][vc_tta_section title=&#8221;Odense&#8221; tab_id=&#8221;1507281041455-6a85a54f-b22f&#8221;][vc_column_text]<a href=\"https:\/\/dazzling-bhaskara.46-4-121-245.plesk.page\/odense\">L\u00e6s mere her!<\/a>[\/vc_column_text][\/vc_tta_section][vc_tta_section title=&#8221;Aalborg&#8221; tab_id=&#8221;1507281473847-e147037a-f629&#8243;][vc_column_text]<a href=\"https:\/\/dazzling-bhaskara.46-4-121-245.plesk.page\/aalborg\">L\u00e6s mere her!<\/a>[\/vc_column_text][\/vc_tta_section][vc_tta_section title=&#8221;Esbjerg&#8221; tab_id=&#8221;1507281501180-4b3aa987-c7d4&#8243;][vc_column_text]<a href=\"https:\/\/dazzling-bhaskara.46-4-121-245.plesk.page\/esbjerg\">L\u00e6s mere her!<\/a>[\/vc_column_text][\/vc_tta_section][vc_tta_section title=&#8221;Randers&#8221; tab_id=&#8221;1507281734589-385f295f-31a7&#8243;][vc_column_text]<a href=\"https:\/\/dazzling-bhaskara.46-4-121-245.plesk.page\/randers\">L\u00e6s mere her!<\/a>[\/vc_column_text][\/vc_tta_section][vc_tta_section title=&#8221;Kolding&#8221; tab_id=&#8221;1507281760611-61fc46c7-7bea&#8221;][vc_column_text]<a href=\"https:\/\/dazzling-bhaskara.46-4-121-245.plesk.page\/kolding\">L\u00e6s mere her!<\/a>[\/vc_column_text][\/vc_tta_section][vc_tta_section title=&#8221;Horsens&#8221; tab_id=&#8221;1507281780052-7ec0d469-af70&#8243;][vc_column_text]<a href=\"https:\/\/dazzling-bhaskara.46-4-121-245.plesk.page\/horsens\">L\u00e6s mere her!<\/a>[\/vc_column_text][\/vc_tta_section][vc_tta_section title=&#8221;Vejle&#8221; tab_id=&#8221;1507281804257-f0204e68-9a1b&#8221;][vc_column_text]<a href=\"https:\/\/dazzling-bhaskara.46-4-121-245.plesk.page\/vejle\/\">L\u00e6s mere her!<\/a>[\/vc_column_text][\/vc_tta_section][vc_tta_section title=&#8221;Roskilde&#8221; tab_id=&#8221;1507281822804-227cb57e-16ec&#8221;][vc_column_text]<a href=\"https:\/\/dazzling-bhaskara.46-4-121-245.plesk.page\/roskilde\">L\u00e6s mere her!<\/a>[\/vc_column_text][\/vc_tta_section][\/vc_tta_accordion][\/vc_column][vc_column width=&#8221;1\/4&#8243;][vc_tta_accordion style=&#8221;flat&#8221; c_icon=&#8221;chevron&#8221; active_section=&#8221;false&#8221;][vc_tta_section title=&#8221;Herning&#8221; tab_id=&#8221;1507281143558-1d062391-bc6d&#8221;][vc_column_text]<a href=\"https:\/\/dazzling-bhaskara.46-4-121-245.plesk.page\/herning\">L\u00e6s mere her!<\/a>[\/vc_column_text][\/vc_tta_section][vc_tta_section title=&#8221;H\u00f8rsholm&#8221; tab_id=&#8221;1507281143669-82a1523c-de93&#8243;][vc_column_text]<a href=\"tel:+4542570999\">+45 42 57 09 99<\/a>[\/vc_column_text][\/vc_tta_section][vc_tta_section title=&#8221;Helsing\u00f8r&#8221; tab_id=&#8221;1507281143785-a965a832-0093&#8243;][vc_column_text]<a href=\"https:\/\/dazzling-bhaskara.46-4-121-245.plesk.page\/helsingor\">L\u00e6s mere her!<\/a>[\/vc_column_text][\/vc_tta_section][vc_tta_section title=&#8221;Silkeborg&#8221; tab_id=&#8221;1507281882047-3666e6db-6c4b&#8221;][vc_column_text]<a href=\"https:\/\/dazzling-bhaskara.46-4-121-245.plesk.page\/silkeborg\">L\u00e6s mere her!<\/a>[\/vc_column_text][\/vc_tta_section][vc_tta_section title=&#8221;N\u00e6stved&#8221; tab_id=&#8221;1507281894906-cf4d9e26-eec8&#8243;][vc_column_text]<a href=\"tel:+4542570999\">+45 42 57 09 99<\/a>[\/vc_column_text][\/vc_tta_section][vc_tta_section title=&#8221;Fredericia&#8221; tab_id=&#8221;1507281906529-3d6e4ecc-4a10&#8243;][vc_column_text]<a href=\"https:\/\/dazzling-bhaskara.46-4-121-245.plesk.page\/fredericia\/\">L\u00e6s mere her!<\/a>[\/vc_column_text][\/vc_tta_section][vc_tta_section title=&#8221;Taastrup&#8221; tab_id=&#8221;1507281923020-ae3caa2b-6135&#8243;][vc_column_text]<a href=\"tel:+4542570999\">+45 42 57 09 99<\/a>[\/vc_column_text][\/vc_tta_section][vc_tta_section title=&#8221;Viborg&#8221; tab_id=&#8221;1507281942236-d189db33-4b18&#8243;][vc_column_text]<a href=\"https:\/\/dazzling-bhaskara.46-4-121-245.plesk.page\/viborg\">L\u00e6s mere her!<\/a>[\/vc_column_text][\/vc_tta_section][vc_tta_section title=&#8221;K\u00f8ge&#8221; tab_id=&#8221;1507281951586-ed0144ee-421a&#8221;][vc_column_text]<a href=\"tel:+4542570999\">+45 42 57 09 99<\/a>[\/vc_column_text][\/vc_tta_section][vc_tta_section title=&#8221;Hobro&#8221; tab_id=&#8221;1507281972525-ecce9c9a-c77f&#8221;][vc_column_text]<a href=\"https:\/\/dazzling-bhaskara.46-4-121-245.plesk.page\/hobro\">L\u00e6s mere her!<\/a>[\/vc_column_text][\/vc_tta_section][\/vc_tta_accordion][\/vc_column][\/vc_row][vc_row][vc_column][vc_column_text]<\/p>\n<div id=\"60318DB7_CBB3_7860_E993_D9F84057F9AD\"><\/div>\n<div id=\"60318DB7_CBB3_7860_E993_D9F84057F9AD\"><\/div>\n<div id=\"60318DB7_CBB3_7860_E993_D9F84057F9AD\"><\/div>\n<div id=\"60318DB7_CBB3_7860_E993_D9F84057F9AD\"><\/div>\n<p>[\/vc_column_text][\/vc_column][\/vc_row]<\/p>\n","protected":false},"excerpt":{"rendered":"<p>[vc_row type=&#8221;full_width&#8221;][vc_column offset=&#8221;vc_hidden-xs&#8221;][layerslider_vc id=&#8221;13&#8243;][\/vc_column][vc_column offset=&#8221;vc_hidden-lg vc_hidden-md vc_hidden-sm&#8221;][layerslider_vc id=&#8221;14&#8243;][\/vc_column][\/vc_row][vc_row css=&#8221;.vc_custom_1712744821056{margin-top: 50px !important;margin-bottom: 20px !important;}&#8221;][vc_column css=&#8221;.vc_custom_1704884990385{margin-top: 25px !important;}&#8221;][vc_custom_heading text=&#8221;Hent uforpligtende tilbud &#8211; [&hellip;]<\/p>\n","protected":false},"author":1,"featured_media":0,"parent":0,"menu_order":0,"comment_status":"closed","ping_status":"closed","template":"","meta":{"site-sidebar-layout":"default","site-content-layout":"","ast-site-content-layout":"default","site-content-style":"default","site-sidebar-style":"default","ast-global-header-display":"","ast-banner-title-visibility":"","ast-main-header-display":"","ast-hfb-above-header-display":"","ast-hfb-below-header-display":"","ast-hfb-mobile-header-display":"","site-post-title":"","ast-breadcrumbs-content":"","ast-featured-img":"","footer-sml-layout":"","ast-disable-related-posts":"","theme-transparent-header-meta":"","adv-header-id-meta":"","stick-header-meta":"","header-above-stick-meta":"","header-main-stick-meta":"","header-below-stick-meta":"","astra-migrate-meta-layouts":"default","ast-page-background-enabled":"default","ast-page-background-meta":{"desktop":{"background-color":"var(--ast-global-color-5)","background-image":"","background-repeat":"repeat","background-position":"center center","background-size":"auto","background-attachment":"scroll","background-type":"","background-media":"","overlay-type":"","overlay-color":"","overlay-opacity":"","overlay-gradient":""},"tablet":{"background-color":"","background-image":"","background-repeat":"repeat","background-position":"center center","background-size":"auto","background-attachment":"scroll","background-type":"","background-media":"","overlay-type":"","overlay-color":"","overlay-opacity":"","overlay-gradient":""},"mobile":{"background-color":"","background-image":"","background-repeat":"repeat","background-position":"center center","background-size":"auto","background-attachment":"scroll","background-type":"","background-media":"","overlay-type":"","overlay-color":"","overlay-opacity":"","overlay-gradient":""}},"ast-content-background-meta":{"desktop":{"background-color":"var(--ast-global-color-4)","background-image":"","background-repeat":"repeat","background-position":"center center","background-size":"auto","background-attachment":"scroll","background-type":"","background-media":"","overlay-type":"","overlay-color":"","overlay-opacity":"","overlay-gradient":""},"tablet":{"background-color":"var(--ast-global-color-4)","background-image":"","background-repeat":"repeat","background-position":"center center","background-size":"auto","background-attachment":"scroll","background-type":"","background-media":"","overlay-type":"","overlay-color":"","overlay-opacity":"","overlay-gradient":""},"mobile":{"background-color":"var(--ast-global-color-4)","background-image":"","background-repeat":"repeat","background-position":"center center","background-size":"auto","background-attachment":"scroll","background-type":"","background-media":"","overlay-type":"","overlay-color":"","overlay-opacity":"","overlay-gradient":""}},"footnotes":""},"class_list":["post-75137","page","type-page","status-publish","hentry"],"yoast_head":"<!-- This site is optimized with the Yoast SEO plugin v26.9 - https:\/\/yoast.com\/product\/yoast-seo-wordpress\/ -->\n<title>Jysk Algeservice - Kontakt os og f\u00e5 et uforpligtende tibud<\/title>\n<meta name=\"description\" content=\"Kontakt os i dag for et uforpligtende tilbud! Jysk Algeservice er din partner inden for algebehandling af flisepest, snavs og alger.\" \/>\n<meta name=\"robots\" content=\"noindex, follow, max-snippet:-1, max-image-preview:large, max-video-preview:-1\" \/>\n<meta property=\"og:locale\" content=\"en_US\" \/>\n<meta property=\"og:type\" content=\"article\" \/>\n<meta property=\"og:title\" content=\"Jysk Algeservice - Kontakt os og f\u00e5 et uforpligtende tibud\" \/>\n<meta property=\"og:description\" content=\"Kontakt os i dag for et uforpligtende tilbud! Jysk Algeservice er din partner inden for algebehandling af flisepest, snavs og alger.\" \/>\n<meta property=\"og:url\" content=\"https:\/\/dazzling-bhaskara.46-4-121-245.plesk.page\/index.php\/kontakt\/\" \/>\n<meta property=\"og:site_name\" content=\"Everything Inc.\" \/>\n<meta name=\"twitter:card\" content=\"summary_large_image\" \/>\n<meta name=\"twitter:label1\" content=\"Est. reading time\" \/>\n\t<meta name=\"twitter:data1\" content=\"3 minutes\" \/>\n<script type=\"application\/ld+json\" class=\"yoast-schema-graph\">{\"@context\":\"https:\/\/schema.org\",\"@graph\":[{\"@type\":\"WebPage\",\"@id\":\"https:\/\/dazzling-bhaskara.46-4-121-245.plesk.page\/index.php\/kontakt\/\",\"url\":\"https:\/\/dazzling-bhaskara.46-4-121-245.plesk.page\/index.php\/kontakt\/\",\"name\":\"Jysk Algeservice - Kontakt os og f\u00e5 et uforpligtende tibud\",\"isPartOf\":{\"@id\":\"https:\/\/dazzling-bhaskara.46-4-121-245.plesk.page\/#website\"},\"datePublished\":\"2017-10-06T08:47:37+00:00\",\"description\":\"Kontakt os i dag for et uforpligtende tilbud! Jysk Algeservice er din partner inden for algebehandling af flisepest, snavs og alger.\",\"breadcrumb\":{\"@id\":\"https:\/\/dazzling-bhaskara.46-4-121-245.plesk.page\/index.php\/kontakt\/#breadcrumb\"},\"inLanguage\":\"en-US\",\"potentialAction\":[{\"@type\":\"ReadAction\",\"target\":[\"https:\/\/dazzling-bhaskara.46-4-121-245.plesk.page\/index.php\/kontakt\/\"]}]},{\"@type\":\"BreadcrumbList\",\"@id\":\"https:\/\/dazzling-bhaskara.46-4-121-245.plesk.page\/index.php\/kontakt\/#breadcrumb\",\"itemListElement\":[{\"@type\":\"ListItem\",\"position\":1,\"name\":\"Home\",\"item\":\"https:\/\/dazzling-bhaskara.46-4-121-245.plesk.page\/\"},{\"@type\":\"ListItem\",\"position\":2,\"name\":\"Kontakt\"}]},{\"@type\":\"WebSite\",\"@id\":\"https:\/\/dazzling-bhaskara.46-4-121-245.plesk.page\/#website\",\"url\":\"https:\/\/dazzling-bhaskara.46-4-121-245.plesk.page\/\",\"name\":\"Everything Inc.\",\"description\":\"\",\"potentialAction\":[{\"@type\":\"SearchAction\",\"target\":{\"@type\":\"EntryPoint\",\"urlTemplate\":\"https:\/\/dazzling-bhaskara.46-4-121-245.plesk.page\/?s={search_term_string}\"},\"query-input\":{\"@type\":\"PropertyValueSpecification\",\"valueRequired\":true,\"valueName\":\"search_term_string\"}}],\"inLanguage\":\"en-US\"}]}<\/script>\n<!-- \/ Yoast SEO plugin. -->","yoast_head_json":{"title":"Jysk Algeservice - Kontakt os og f\u00e5 et uforpligtende tibud","description":"Kontakt os i dag for et uforpligtende tilbud! Jysk Algeservice er din partner inden for algebehandling af flisepest, snavs og alger.","robots":{"index":"noindex","follow":"follow","max-snippet":"max-snippet:-1","max-image-preview":"max-image-preview:large","max-video-preview":"max-video-preview:-1"},"og_locale":"en_US","og_type":"article","og_title":"Jysk Algeservice - Kontakt os og f\u00e5 et uforpligtende tibud","og_description":"Kontakt os i dag for et uforpligtende tilbud! Jysk Algeservice er din partner inden for algebehandling af flisepest, snavs og alger.","og_url":"https:\/\/dazzling-bhaskara.46-4-121-245.plesk.page\/index.php\/kontakt\/","og_site_name":"Everything Inc.","twitter_card":"summary_large_image","twitter_misc":{"Est. reading time":"3 minutes"},"schema":{"@context":"https:\/\/schema.org","@graph":[{"@type":"WebPage","@id":"https:\/\/dazzling-bhaskara.46-4-121-245.plesk.page\/index.php\/kontakt\/","url":"https:\/\/dazzling-bhaskara.46-4-121-245.plesk.page\/index.php\/kontakt\/","name":"Jysk Algeservice - Kontakt os og f\u00e5 et uforpligtende tibud","isPartOf":{"@id":"https:\/\/dazzling-bhaskara.46-4-121-245.plesk.page\/#website"},"datePublished":"2017-10-06T08:47:37+00:00","description":"Kontakt os i dag for et uforpligtende tilbud! Jysk Algeservice er din partner inden for algebehandling af flisepest, snavs og alger.","breadcrumb":{"@id":"https:\/\/dazzling-bhaskara.46-4-121-245.plesk.page\/index.php\/kontakt\/#breadcrumb"},"inLanguage":"en-US","potentialAction":[{"@type":"ReadAction","target":["https:\/\/dazzling-bhaskara.46-4-121-245.plesk.page\/index.php\/kontakt\/"]}]},{"@type":"BreadcrumbList","@id":"https:\/\/dazzling-bhaskara.46-4-121-245.plesk.page\/index.php\/kontakt\/#breadcrumb","itemListElement":[{"@type":"ListItem","position":1,"name":"Home","item":"https:\/\/dazzling-bhaskara.46-4-121-245.plesk.page\/"},{"@type":"ListItem","position":2,"name":"Kontakt"}]},{"@type":"WebSite","@id":"https:\/\/dazzling-bhaskara.46-4-121-245.plesk.page\/#website","url":"https:\/\/dazzling-bhaskara.46-4-121-245.plesk.page\/","name":"Everything Inc.","description":"","potentialAction":[{"@type":"SearchAction","target":{"@type":"EntryPoint","urlTemplate":"https:\/\/dazzling-bhaskara.46-4-121-245.plesk.page\/?s={search_term_string}"},"query-input":{"@type":"PropertyValueSpecification","valueRequired":true,"valueName":"search_term_string"}}],"inLanguage":"en-US"}]}},"_links":{"self":[{"href":"https:\/\/dazzling-bhaskara.46-4-121-245.plesk.page\/index.php\/wp-json\/wp\/v2\/pages\/75137","targetHints":{"allow":["GET"]}}],"collection":[{"href":"https:\/\/dazzling-bhaskara.46-4-121-245.plesk.page\/index.php\/wp-json\/wp\/v2\/pages"}],"about":[{"href":"https:\/\/dazzling-bhaskara.46-4-121-245.plesk.page\/index.php\/wp-json\/wp\/v2\/types\/page"}],"author":[{"embeddable":true,"href":"https:\/\/dazzling-bhaskara.46-4-121-245.plesk.page\/index.php\/wp-json\/wp\/v2\/users\/1"}],"replies":[{"embeddable":true,"href":"https:\/\/dazzling-bhaskara.46-4-121-245.plesk.page\/index.php\/wp-json\/wp\/v2\/comments?post=75137"}],"version-history":[{"count":0,"href":"https:\/\/dazzling-bhaskara.46-4-121-245.plesk.page\/index.php\/wp-json\/wp\/v2\/pages\/75137\/revisions"}],"wp:attachment":[{"href":"https:\/\/dazzling-bhaskara.46-4-121-245.plesk.page\/index.php\/wp-json\/wp\/v2\/media?parent=75137"}],"curies":[{"name":"wp","href":"https:\/\/api.w.org\/{rel}","templated":true}]}}