{"id":76484,"date":"2021-04-09T09:51:04","date_gmt":"2021-04-09T09:51:04","guid":{"rendered":"https:\/\/jyskalgeservice.dk\/?page_id=76484"},"modified":"2021-04-09T09:51:04","modified_gmt":"2021-04-09T09:51:04","slug":"fliseimpraegnering","status":"publish","type":"page","link":"https:\/\/dazzling-bhaskara.46-4-121-245.plesk.page\/index.php\/fliseimpraegnering\/","title":{"rendered":"Fliserens &#8211; fliseimpr\u00e6gnering"},"content":{"rendered":"<p>[vc_row css=&#8221;.vc_custom_1544105688582{margin-top: 40px !important;}&#8221;][vc_column width=&#8221;1\/2&#8243; css=&#8221;.vc_custom_1611910166443{padding-bottom: 10px !important;}&#8221;][vc_custom_heading text=&#8221;IMPR\u00c6GNERING AF FLISER &#8211; HVORFOR?&#8221; font_container=&#8221;tag:h2|font_size:18|text_align:left|color:%23000000&#8243; el_class=&#8221;heading-title-2&#8243;][vc_column_text]<em><strong>Fliseimpr\u00e6gnering er den helt rigtige l\u00f8sning, hvis du \u00f8nsker at din fliserens skal holde l\u00e6ngst muligt. Det vil ogs\u00e5 give ogs\u00e5 langt det flotteste slutresultat &#8211; og ikke mindst forl\u00e6nge levetiden af dine fliser. Efter en effektiv og dybdeg\u00e5ende afrensning af terrassen, er der ikke noget som en omgang impr\u00e6gnering, der f\u00e5r dine fliser\/br\u00e6dder til at se ud n\u00e6sten som nye.\u00a0<\/strong><\/em><\/p>\n<p>Hvis du har havefliser, stier eller anden bel\u00e6gning der er falmet og blevet kedelig at se p\u00e5 er impr\u00e6gnering medvirkende til at bringe farverne frem og f\u00e5 din terrasse til at fremst\u00e5 ekstra skinnende og nyrenset. For de fleste er den ekstra udgift pengene v\u00e6rd. S\u00e6rligt hvis din terrasse har v\u00e6ret en st\u00f8rre investering, er det en god ide at bevare dens modstandsdygtighed overfor vejrets luner s\u00e5 l\u00e6nge som overhovedet muligt &#8211; og samtidigt sikre mindst muligt vedligehold i det lange l\u00f8b.<\/p>\n<p>Vores s\u00e6rlige middel til impr\u00e6gnering l\u00e6gger en beskyttende hinde p\u00e5 fliserne, uden at de bliver beskadiget eller \u00e6ndrer fremtoning. Dermed bliver det sv\u00e6rere for skidt, alger og mos at f\u00e5 f\u00e6ste p\u00e5 overfladen, hvilket ogs\u00e5 betyder, at de vil v\u00e6re lettere at holde fremover. Risikoen for frostspr\u00e6ngninger mindskes samtidigt, da vand f\u00e5r sv\u00e6rere ved at tr\u00e6nge igennem overfladen og sive ned i fliserne. Samtidigt mindskes den negative p\u00e5virkning fra varme og fugt. Efter impr\u00e6gneringen er fliserne alts\u00e5 s\u00e5 godt som forseglede.<\/p>\n<p><strong>Hvad koster impr\u00e6gnering?<\/strong><br \/>\nGrundprisen for fliserens er 39 kr. pr. m\u00b2. Den fulde pakke med fliseimpr\u00e6gnering koster 69 kr. pr. m\u00b2, men inkluderer ogs\u00e5 fugesand. Hvis du ikke \u00f8nsker fugesand er prisen 59 kr. pr. m\u00b2. Prisen for impr\u00e6gnering alene er alts\u00e5 20 kr. pr. m\u00b2. Typisk giver det ikke mening at impr\u00e6gnere fliser, der ikke f\u00f8rst er blevet renset grundigt. Har du dog netop f\u00e5et lagt nye fliser, giver det rigtig god mening udelukkende at f\u00e5 dem impr\u00e6gneret i f\u00f8rste omgang.<\/p>\n<p><strong>Hvordan foreg\u00e5r impr\u00e6gnering?<br \/>\n<\/strong>F\u00f8rst skal omr\u00e5det klarg\u00f8res impr\u00e6gneringen. Dvs. fliserne skal v\u00e6re renset i dybden f\u00f8rst for at f\u00e5 det maksimale ud af den efterf\u00f8lgende impr\u00e6gnering. Hvis det er flere dage siden rensningen blev foretaget fejes l\u00f8se blade og andet v\u00e6k inden arbejdet p\u00e5begyndes. Det skal i \u00f8vrigt v\u00e6re t\u00f8rvejr, da regn \u00f8del\u00e6gger impr\u00e6gneringenv\u00e6skens mulighed for at tr\u00e6nge ordentligt ned i fliserne og tjene sit form\u00e5l optimalt.<\/p>\n<p>Efter fliseimpr\u00e6gnering er det vigtigt at fliserne f\u00e5r lov at t\u00f8rre, og terrassen b\u00f8r derfor ikke tages i brug f\u00f8r den er helt t\u00f8r. Det er ogs\u00e5 vigtigt at s\u00f8rge for, at der ikke kommer impr\u00e6gneringsv\u00e6ske p\u00e5 planter og i blomsterbede der m\u00e5 v\u00e6re i n\u00e6rheden, da disse kan tage skade hvis de kommer i kontakt med v\u00e6sken.<\/p>\n<p><strong>L\u00e6gger i ogs\u00e5 fugesand i forbindelse med impr\u00e6gnering?<\/strong><br \/>\nEfter h\u00f8jtryksrens og impr\u00e6gnering af dine fliser er det n\u00f8dvendigt at l\u00e6gge nyt fugesand. Det er noget vi kan g\u00f8re for dig, hvis du ikke \u00f8nsker at g\u00f8re det selv. Fugesand er en meget vigtig komponent af enhver fliseterrasse da manglende fugesand medvirker til hurtigere gendannelse af ukrudt mellem fliserne samt generel ophobning af skidt og snavs.<\/p>\n<p><strong>Kontakt os for et godt tilbud<\/strong><br \/>\nHvis du ogs\u00e5 vil have fliser eller tr\u00e6terrasse, der fremst\u00e5r n\u00e6sten som nye, er du altid velkommen til at give os et kald. Du kan ogs\u00e5 skrive p\u00e5 mail eller indsende kontaktformularen her p\u00e5 siden. S\u00e5 vender vi tilbage med en god, billig l\u00f8sning, der ikke g\u00e5r p\u00e5 kompromis med kvaliteten.[\/vc_column_text][\/vc_column][vc_column width=&#8221;1\/2&#8243;][twenty20 offset=&#8221;0.5&#8243; img1=&#8221;75126&#8243; img2=&#8221;75125&#8243; width=&#8221;100%&#8221;][vc_custom_heading text=&#8221;Bliver klogere p\u00e5 fliserens og alger&#8221; font_container=&#8221;tag:h3|text_align:left&#8221; el_class=&#8221;heading-title-2&#8243;][vc_column_text]Benyt nedenst\u00e5ende links og f\u00e5 svar p\u00e5 alle dine sp\u00f8rgsm\u00e5l om fliserens og alger.[su_list]<\/p>\n<ul>\n<li><a href=\"https:\/\/dazzling-bhaskara.46-4-121-245.plesk.page\/fliserens-hvorfor\/\">Hvorfor fliserens og algebehandling?<\/a><\/li>\n<li><a href=\"https:\/\/dazzling-bhaskara.46-4-121-245.plesk.page\/fliserens-pris\/\">Hvad koster fliserens?<\/a><\/li>\n<li><a href=\"https:\/\/dazzling-bhaskara.46-4-121-245.plesk.page\/fliserens-saadan-goer-vi\/\">S\u00e5dan renser vi dine fliser i dybden<\/a><\/li>\n<li><a href=\"https:\/\/dazzling-bhaskara.46-4-121-245.plesk.page\/fliserens-spoergsmaal\/\">Ofte stillede sp\u00f8rgsm\u00e5l om alger og fliserens<\/a><\/li>\n<li><a href=\"https:\/\/dazzling-bhaskara.46-4-121-245.plesk.page\/alger-paa-fliser\/\">Hvad er alger p\u00e5 fliserne?<\/a><\/li>\n<li><a href=\"https:\/\/dazzling-bhaskara.46-4-121-245.plesk.page\/flisepest\/\">Hvad er flisepest?<\/a><\/li>\n<li><a href=\"https:\/\/dazzling-bhaskara.46-4-121-245.plesk.page\/3-metoder-fliserens\/\">3 metoder til rens af fliser<\/a><\/li>\n<li><a href=\"https:\/\/dazzling-bhaskara.46-4-121-245.plesk.page\/rens-af-traeterrasse\/\">Rens af tr\u00e6terrasse<\/a><\/li>\n<li><a href=\"https:\/\/dazzling-bhaskara.46-4-121-245.plesk.page\/algebehandling\/\">V\u00e6rd at vide om algebehandling<\/a><\/li>\n<\/ul>\n<p>[\/su_list][\/vc_column_text][\/vc_column][\/vc_row][vc_row css=&#8221;.vc_custom_1544103126775{margin-top: 40px !important;padding-top: 40px !important;padding-bottom: 40px !important;background-color: #f7f7f7 !important;}&#8221;][vc_column width=&#8221;1\/3&#8243; offset=&#8221;vc_hidden-sm vc_hidden-xs&#8221;][vc_single_image image=&#8221;75601&#8243; img_size=&#8221;full&#8221; css_animation=&#8221;left-to-right&#8221; el_class=&#8221;.colorbg&#8221;][\/vc_column][vc_column width=&#8221;2\/3&#8243;][vc_custom_heading text=&#8221;HELE DANMARK ER VORES ARBEJDSPLADS&#8221; font_container=&#8221;tag:h3|text_align:left|color:%23000000&#8243; el_class=&#8221;heading-title-2&#8243;][vc_column_text]Algerne gror over hele Danmark, og om du bor p\u00e5 Sj\u00e6lland, Fyn eller i Jylland, s\u00e5 er vi klar til at komme forbi dig, og hj\u00e6lpe dig i din kamp imod algerne.<\/p>\n<p style=\"color: #000;\"><b>Kontakt os i dag og f\u00e5 et skarpt tilbud<\/b><\/p>\n<p class=\"p1\">[su_button url=&#8221;tel:4542570999&#8243; background=&#8221;#84c758&#8243; color=&#8221;#ffffff&#8221; size=&#8221;5&#8243; icon=&#8221;icon: phone&#8221; icon_color=&#8221;#ffffff&#8221;]Ring[\/su_button] [su_button url=&#8221;mailto:info@jyskalgeservice.dk&#8221; background=&#8221;#84c758&#8243; color=&#8221;#ffffff&#8221; size=&#8221;5&#8243; icon=&#8221;icon: send-o&#8221; icon_color=&#8221;#ffffff&#8221;]Email[\/su_button]<\/p>\n<p class=\"p1\">[su_button url=&#8221;\/kontakt\/&#8221; background=&#8221;#84c758&#8243; color=&#8221;#ffffff&#8221; size=&#8221;5&#8243; icon=&#8221;icon: envelope-o&#8221; icon_color=&#8221;#ffffff&#8221;]Kontakt os[\/su_button]<\/p>\n<p>[\/vc_column_text][\/vc_column][\/vc_row][vc_row][vc_column][vc_column_text]<\/p>\n<div id=\"60318DB7_CBB3_7860_E993_D9F84057F9AD\"><\/div>\n<p>[\/vc_column_text][\/vc_column][\/vc_row]<\/p>\n","protected":false},"excerpt":{"rendered":"<p>[vc_row css=&#8221;.vc_custom_1544105688582{margin-top: 40px !important;}&#8221;][vc_column width=&#8221;1\/2&#8243; css=&#8221;.vc_custom_1611910166443{padding-bottom: 10px !important;}&#8221;][vc_custom_heading text=&#8221;IMPR\u00c6GNERING AF FLISER &#8211; HVORFOR?&#8221; font_container=&#8221;tag:h2|font_size:18|text_align:left|color:%23000000&#8243; el_class=&#8221;heading-title-2&#8243;][vc_column_text]Fliseimpr\u00e6gnering er den helt rigtige l\u00f8sning, [&hellip;]<\/p>\n","protected":false},"author":2,"featured_media":0,"parent":0,"menu_order":0,"comment_status":"closed","ping_status":"closed","template":"","meta":{"site-sidebar-layout":"default","site-content-layout":"","ast-site-content-layout":"default","site-content-style":"default","site-sidebar-style":"default","ast-global-header-display":"","ast-banner-title-visibility":"","ast-main-header-display":"","ast-hfb-above-header-display":"","ast-hfb-below-header-display":"","ast-hfb-mobile-header-display":"","site-post-title":"","ast-breadcrumbs-content":"","ast-featured-img":"","footer-sml-layout":"","ast-disable-related-posts":"","theme-transparent-header-meta":"","adv-header-id-meta":"","stick-header-meta":"","header-above-stick-meta":"","header-main-stick-meta":"","header-below-stick-meta":"","astra-migrate-meta-layouts":"default","ast-page-background-enabled":"default","ast-page-background-meta":{"desktop":{"background-color":"var(--ast-global-color-5)","background-image":"","background-repeat":"repeat","background-position":"center center","background-size":"auto","background-attachment":"scroll","background-type":"","background-media":"","overlay-type":"","overlay-color":"","overlay-opacity":"","overlay-gradient":""},"tablet":{"background-color":"","background-image":"","background-repeat":"repeat","background-position":"center center","background-size":"auto","background-attachment":"scroll","background-type":"","background-media":"","overlay-type":"","overlay-color":"","overlay-opacity":"","overlay-gradient":""},"mobile":{"background-color":"","background-image":"","background-repeat":"repeat","background-position":"center center","background-size":"auto","background-attachment":"scroll","background-type":"","background-media":"","overlay-type":"","overlay-color":"","overlay-opacity":"","overlay-gradient":""}},"ast-content-background-meta":{"desktop":{"background-color":"var(--ast-global-color-4)","background-image":"","background-repeat":"repeat","background-position":"center center","background-size":"auto","background-attachment":"scroll","background-type":"","background-media":"","overlay-type":"","overlay-color":"","overlay-opacity":"","overlay-gradient":""},"tablet":{"background-color":"var(--ast-global-color-4)","background-image":"","background-repeat":"repeat","background-position":"center center","background-size":"auto","background-attachment":"scroll","background-type":"","background-media":"","overlay-type":"","overlay-color":"","overlay-opacity":"","overlay-gradient":""},"mobile":{"background-color":"var(--ast-global-color-4)","background-image":"","background-repeat":"repeat","background-position":"center center","background-size":"auto","background-attachment":"scroll","background-type":"","background-media":"","overlay-type":"","overlay-color":"","overlay-opacity":"","overlay-gradient":""}},"footnotes":""},"class_list":["post-76484","page","type-page","status-publish","hentry"],"yoast_head":"<!-- This site is optimized with the Yoast SEO plugin v26.9 - https:\/\/yoast.com\/product\/yoast-seo-wordpress\/ -->\n<title>Fliseimpr\u00e6gnering - f\u00e5 mere information og en god pris her<\/title>\n<meta name=\"description\" content=\"Fliseimpr\u00e6gnering handler ikke kun om at det skal se godt ud. Det giver mindre vedligehold og slid p\u00e5 fliserne i l\u00e6ngden.fliseimpr\u00e6gnering\" \/>\n<meta name=\"robots\" content=\"noindex, follow, max-snippet:-1, max-image-preview:large, max-video-preview:-1\" \/>\n<meta property=\"og:locale\" content=\"en_US\" \/>\n<meta property=\"og:type\" content=\"article\" \/>\n<meta property=\"og:title\" content=\"Fliseimpr\u00e6gnering - f\u00e5 mere information og en god pris her\" \/>\n<meta property=\"og:description\" content=\"Fliseimpr\u00e6gnering handler ikke kun om at det skal se godt ud. Det giver mindre vedligehold og slid p\u00e5 fliserne i l\u00e6ngden.fliseimpr\u00e6gnering\" \/>\n<meta property=\"og:url\" content=\"https:\/\/dazzling-bhaskara.46-4-121-245.plesk.page\/index.php\/fliseimpraegnering\/\" \/>\n<meta property=\"og:site_name\" content=\"Everything Inc.\" \/>\n<meta name=\"twitter:card\" content=\"summary_large_image\" \/>\n<meta name=\"twitter:label1\" content=\"Est. reading time\" \/>\n\t<meta name=\"twitter:data1\" content=\"5 minutes\" \/>\n<script type=\"application\/ld+json\" class=\"yoast-schema-graph\">{\"@context\":\"https:\/\/schema.org\",\"@graph\":[{\"@type\":\"WebPage\",\"@id\":\"https:\/\/dazzling-bhaskara.46-4-121-245.plesk.page\/index.php\/fliseimpraegnering\/\",\"url\":\"https:\/\/dazzling-bhaskara.46-4-121-245.plesk.page\/index.php\/fliseimpraegnering\/\",\"name\":\"Fliseimpr\u00e6gnering - f\u00e5 mere information og en god pris her\",\"isPartOf\":{\"@id\":\"https:\/\/dazzling-bhaskara.46-4-121-245.plesk.page\/#website\"},\"datePublished\":\"2021-04-09T09:51:04+00:00\",\"description\":\"Fliseimpr\u00e6gnering handler ikke kun om at det skal se godt ud. Det giver mindre vedligehold og slid p\u00e5 fliserne i l\u00e6ngden.fliseimpr\u00e6gnering\",\"breadcrumb\":{\"@id\":\"https:\/\/dazzling-bhaskara.46-4-121-245.plesk.page\/index.php\/fliseimpraegnering\/#breadcrumb\"},\"inLanguage\":\"en-US\",\"potentialAction\":[{\"@type\":\"ReadAction\",\"target\":[\"https:\/\/dazzling-bhaskara.46-4-121-245.plesk.page\/index.php\/fliseimpraegnering\/\"]}]},{\"@type\":\"BreadcrumbList\",\"@id\":\"https:\/\/dazzling-bhaskara.46-4-121-245.plesk.page\/index.php\/fliseimpraegnering\/#breadcrumb\",\"itemListElement\":[{\"@type\":\"ListItem\",\"position\":1,\"name\":\"Home\",\"item\":\"https:\/\/dazzling-bhaskara.46-4-121-245.plesk.page\/\"},{\"@type\":\"ListItem\",\"position\":2,\"name\":\"Fliserens &#8211; fliseimpr\u00e6gnering\"}]},{\"@type\":\"WebSite\",\"@id\":\"https:\/\/dazzling-bhaskara.46-4-121-245.plesk.page\/#website\",\"url\":\"https:\/\/dazzling-bhaskara.46-4-121-245.plesk.page\/\",\"name\":\"Everything Inc.\",\"description\":\"\",\"potentialAction\":[{\"@type\":\"SearchAction\",\"target\":{\"@type\":\"EntryPoint\",\"urlTemplate\":\"https:\/\/dazzling-bhaskara.46-4-121-245.plesk.page\/?s={search_term_string}\"},\"query-input\":{\"@type\":\"PropertyValueSpecification\",\"valueRequired\":true,\"valueName\":\"search_term_string\"}}],\"inLanguage\":\"en-US\"}]}<\/script>\n<!-- \/ Yoast SEO plugin. -->","yoast_head_json":{"title":"Fliseimpr\u00e6gnering - f\u00e5 mere information og en god pris her","description":"Fliseimpr\u00e6gnering handler ikke kun om at det skal se godt ud. Det giver mindre vedligehold og slid p\u00e5 fliserne i l\u00e6ngden.fliseimpr\u00e6gnering","robots":{"index":"noindex","follow":"follow","max-snippet":"max-snippet:-1","max-image-preview":"max-image-preview:large","max-video-preview":"max-video-preview:-1"},"og_locale":"en_US","og_type":"article","og_title":"Fliseimpr\u00e6gnering - f\u00e5 mere information og en god pris her","og_description":"Fliseimpr\u00e6gnering handler ikke kun om at det skal se godt ud. Det giver mindre vedligehold og slid p\u00e5 fliserne i l\u00e6ngden.fliseimpr\u00e6gnering","og_url":"https:\/\/dazzling-bhaskara.46-4-121-245.plesk.page\/index.php\/fliseimpraegnering\/","og_site_name":"Everything Inc.","twitter_card":"summary_large_image","twitter_misc":{"Est. reading time":"5 minutes"},"schema":{"@context":"https:\/\/schema.org","@graph":[{"@type":"WebPage","@id":"https:\/\/dazzling-bhaskara.46-4-121-245.plesk.page\/index.php\/fliseimpraegnering\/","url":"https:\/\/dazzling-bhaskara.46-4-121-245.plesk.page\/index.php\/fliseimpraegnering\/","name":"Fliseimpr\u00e6gnering - f\u00e5 mere information og en god pris her","isPartOf":{"@id":"https:\/\/dazzling-bhaskara.46-4-121-245.plesk.page\/#website"},"datePublished":"2021-04-09T09:51:04+00:00","description":"Fliseimpr\u00e6gnering handler ikke kun om at det skal se godt ud. Det giver mindre vedligehold og slid p\u00e5 fliserne i l\u00e6ngden.fliseimpr\u00e6gnering","breadcrumb":{"@id":"https:\/\/dazzling-bhaskara.46-4-121-245.plesk.page\/index.php\/fliseimpraegnering\/#breadcrumb"},"inLanguage":"en-US","potentialAction":[{"@type":"ReadAction","target":["https:\/\/dazzling-bhaskara.46-4-121-245.plesk.page\/index.php\/fliseimpraegnering\/"]}]},{"@type":"BreadcrumbList","@id":"https:\/\/dazzling-bhaskara.46-4-121-245.plesk.page\/index.php\/fliseimpraegnering\/#breadcrumb","itemListElement":[{"@type":"ListItem","position":1,"name":"Home","item":"https:\/\/dazzling-bhaskara.46-4-121-245.plesk.page\/"},{"@type":"ListItem","position":2,"name":"Fliserens &#8211; fliseimpr\u00e6gnering"}]},{"@type":"WebSite","@id":"https:\/\/dazzling-bhaskara.46-4-121-245.plesk.page\/#website","url":"https:\/\/dazzling-bhaskara.46-4-121-245.plesk.page\/","name":"Everything Inc.","description":"","potentialAction":[{"@type":"SearchAction","target":{"@type":"EntryPoint","urlTemplate":"https:\/\/dazzling-bhaskara.46-4-121-245.plesk.page\/?s={search_term_string}"},"query-input":{"@type":"PropertyValueSpecification","valueRequired":true,"valueName":"search_term_string"}}],"inLanguage":"en-US"}]}},"_links":{"self":[{"href":"https:\/\/dazzling-bhaskara.46-4-121-245.plesk.page\/index.php\/wp-json\/wp\/v2\/pages\/76484","targetHints":{"allow":["GET"]}}],"collection":[{"href":"https:\/\/dazzling-bhaskara.46-4-121-245.plesk.page\/index.php\/wp-json\/wp\/v2\/pages"}],"about":[{"href":"https:\/\/dazzling-bhaskara.46-4-121-245.plesk.page\/index.php\/wp-json\/wp\/v2\/types\/page"}],"author":[{"embeddable":true,"href":"https:\/\/dazzling-bhaskara.46-4-121-245.plesk.page\/index.php\/wp-json\/wp\/v2\/users\/2"}],"replies":[{"embeddable":true,"href":"https:\/\/dazzling-bhaskara.46-4-121-245.plesk.page\/index.php\/wp-json\/wp\/v2\/comments?post=76484"}],"version-history":[{"count":0,"href":"https:\/\/dazzling-bhaskara.46-4-121-245.plesk.page\/index.php\/wp-json\/wp\/v2\/pages\/76484\/revisions"}],"wp:attachment":[{"href":"https:\/\/dazzling-bhaskara.46-4-121-245.plesk.page\/index.php\/wp-json\/wp\/v2\/media?parent=76484"}],"curies":[{"name":"wp","href":"https:\/\/api.w.org\/{rel}","templated":true}]}}