{"id":79192,"date":"2025-02-21T10:23:34","date_gmt":"2025-02-21T10:23:34","guid":{"rendered":"https:\/\/jyskalgeservice.dk\/?page_id=79192"},"modified":"2025-02-21T10:23:34","modified_gmt":"2025-02-21T10:23:34","slug":"materialer","status":"publish","type":"page","link":"https:\/\/dazzling-bhaskara.46-4-121-245.plesk.page\/index.php\/materialer\/","title":{"rendered":"Materialer"},"content":{"rendered":"<p>[vc_row css=&#8221;.vc_custom_1740134437613{padding-top: 50px !important;padding-bottom: 50px !important;}&#8221;][vc_column][vc_custom_heading text=&#8221;Kataloger og datablade&#8221; font_container=&#8221;tag:h1|font_size:28|text_align:left|color:%23000000&#8243; el_class=&#8221;heading-title-2&#8243;][vc_column_text css=&#8221;.vc_custom_1740134915723{padding-bottom: 25px !important;}&#8221;]<\/p>\n<p data-start=\"0\" data-end=\"291\">Hos Jysk Algeservice prioriterer vi b\u00e5de kvalitet og milj\u00f8. Derfor anvender vi Neutralon \u2013 en danskproduceret og Milj\u00f8styrelsesgodkendt algefjerner, der er udviklet til professionel bek\u00e6mpelse af alger p\u00e5 h\u00e5rde overflader som beton, tegl, tr\u00e6, metal, plast og glas \u2013 uden at misfarve zink. Neutralon virker hurtigt og sikrer et flot, varigt resultat. Med en sk\u00e5nsom og grundig behandling f\u00e5r dit tag eller din facade nyt liv \u2013 uden at g\u00e5 p\u00e5 kompromis med milj\u00f8et.<\/p>\n<p data-start=\"470\" data-end=\"563\" data-is-last-node=\"\" data-is-only-node=\"\">\u00d8nsker du at vide mere om produktets egenskaber og anvendelse? Hent vores datablade nedenfor.<\/p>\n<p>[\/vc_column_text][vc_custom_heading text=&#8221;Tekniske Datablade&#8221; font_container=&#8221;tag:h2|text_align:center|color:%23000000&#8243;][vc_row_inner][vc_column_inner width=&#8221;1\/2&#8243;][vc_single_image image=&#8221;79233&#8243; img_size=&#8221;medium&#8221; alignment=&#8221;center&#8221; css=&#8221;.vc_custom_1740406254787{padding-top: 15px !important;}&#8221;][vc_custom_heading text=&#8221;Neutralon teknisk datablad&#8221; font_container=&#8221;tag:h3|text_align:center&#8221; css=&#8221;.vc_custom_1740404305805{padding-top: 15px !important;}&#8221;][vc_column_text css=&#8221;.vc_custom_1740405155854{padding-bottom: 15px !important;}&#8221;]<\/p>\n<p style=\"text-align: center;\">[su_button url=&quot;https:\/\/dazzling-bhaskara.46-4-121-245.plesk.page\/wp-content\/uploads\/2025\/02\/TEKNISK-DATABLAD-Neutralon-Algefjerner.pdf&quot; target=&quot;blank&quot; rel=&quot;noopener noreferrer&quot; background=&quot;#9ecd52&quot; color=&quot;#ffffff&quot; size=&quot;5&quot; icon=&quot;icon:angle-double-down&quot; icon_color=&quot;#ffffff&quot;]Hent datablad[\/su_button]<\/p>\n<p>[\/vc_column_text][\/vc_column_inner][vc_column_inner width=&#8221;1\/2&#8243;][vc_single_image image=&#8221;79234&#8243; img_size=&#8221;medium&#8221; alignment=&#8221;center&#8221; css=&#8221;.vc_custom_1740406263092{padding-top: 15px !important;}&#8221;][vc_custom_heading text=&#8221;NowoDry WB teknisk datablad&#8221; font_container=&#8221;tag:h3|text_align:center&#8221; css=&#8221;.vc_custom_1740404313671{padding-top: 15px !important;}&#8221;][vc_column_text css=&#8221;.vc_custom_1740405011687{padding-bottom: 15px !important;}&#8221;]<\/p>\n<p style=\"text-align: center;\">[su_button url=&quot;https:\/\/dazzling-bhaskara.46-4-121-245.plesk.page\/wp-content\/uploads\/2025\/02\/NowoDry-WB-teknisk-datablad.pdf&quot; target=&quot;blank&quot; rel=&quot;noopener noreferrer&quot; background=&quot;#9ecd52&quot; color=&quot;#ffffff&quot; size=&quot;5&quot; icon=&quot;icon:angle-double-down&quot; icon_color=&quot;#ffffff&quot;]Hent datablad[\/su_button]<\/p>\n<p>[\/vc_column_text][\/vc_column_inner][\/vc_row_inner][vc_custom_heading text=&#8221;Sikkerhedsdatablade&#8221; font_container=&#8221;tag:h2|text_align:center|color:%23000000&#8243; css=&#8221;.vc_custom_1740403536946{padding-top: 35px !important;}&#8221;][vc_row_inner][vc_column_inner width=&#8221;1\/2&#8243;][vc_single_image image=&#8221;79233&#8243; img_size=&#8221;medium&#8221; alignment=&#8221;center&#8221; css=&#8221;.vc_custom_1740406410903{padding-top: 15px !important;}&#8221;][vc_custom_heading text=&#8221;Neutralon sikkerhedsdatablad&#8221; font_container=&#8221;tag:h3|text_align:center&#8221; css=&#8221;.vc_custom_1740404329517{padding-top: 15px !important;}&#8221;][vc_column_text css=&#8221;.vc_custom_1740405276781{padding-bottom: 15px !important;}&#8221;]<\/p>\n<p style=\"text-align: center;\">[su_button url=&quot;https:\/\/dazzling-bhaskara.46-4-121-245.plesk.page\/wp-content\/uploads\/2025\/02\/Sikkerhedsdatablad-Neutralon_v1.2DK.pdf&quot; target=&quot;blank&quot; rel=&quot;noopener noreferrer&quot; background=&quot;#9ecd52&quot; color=&quot;#ffffff&quot; size=&quot;5&quot; icon=&quot;icon:angle-double-down&quot; icon_color=&quot;#ffffff&quot;]Hent datablad[\/su_button]<\/p>\n<p>[\/vc_column_text][\/vc_column_inner][vc_column_inner width=&#8221;1\/2&#8243;][vc_single_image image=&#8221;79234&#8243; img_size=&#8221;medium&#8221; alignment=&#8221;center&#8221; css=&#8221;.vc_custom_1740406416651{padding-top: 15px !important;}&#8221;][vc_custom_heading text=&#8221;NowoDry WB sikkerhedsdatablad&#8221; font_container=&#8221;tag:h3|text_align:center&#8221; css=&#8221;.vc_custom_1740404322528{padding-top: 15px !important;}&#8221;][vc_column_text css=&#8221;.vc_custom_1740405071618{padding-bottom: 15px !important;}&#8221;]<\/p>\n<p style=\"text-align: center;\">[su_button url=&quot;https:\/\/dazzling-bhaskara.46-4-121-245.plesk.page\/wp-content\/uploads\/2025\/02\/NowoDry-WB-sikkerheds-datablad.pdf&quot; target=&quot;blank&quot; rel=&quot;noopener noreferrer&quot; background=&quot;#9ecd52&quot; color=&quot;#ffffff&quot; size=&quot;5&quot; icon=&quot;icon:angle-double-down&quot; icon_color=&quot;#ffffff&quot;]Hent datablad[\/su_button]<\/p>\n<p>[\/vc_column_text][\/vc_column_inner][\/vc_row_inner][\/vc_column][\/vc_row][vc_row css=&#8221;.vc_custom_1731066680728{margin-bottom: 15px !important;}&#8221;][vc_column][vc_custom_heading text=&#8221;UDVALGTE ERHVERVSKUNDER&#8221; font_container=&#8221;tag:h1|font_size:28|text_align:center|color:%230a0a0a&#8221; el_class=&#8221;heading-title-2&#8243;][vc_column_text]Jysk Algeservice er stolte af vores st\u00e6rke samarbejde med mange erhvervskunder. Vores fokus p\u00e5 kvalitet har gjort, at vi p\u00e5 kort tid har opbygget en solid portef\u00f8lje af store, kvalitetsbevidste virksomheder. Dette er kun muligt, fordi vi arbejder omkostningseffektivt, pr\u00e6cist og med et dedikeret team, der er blandt de bedste i branchen. Nedenfor kan du se et udvalg af vores erhvervskunder:[\/vc_column_text][vc_column_text css=&#8221;.vc_custom_1620653243220{padding-bottom: 15px !important;}&#8221;][gslogo id=1][\/vc_column_text][\/vc_column][\/vc_row][vc_row css=&#8221;.vc_custom_1730729586487{margin-bottom: 40px !important;padding-top: 50px !important;}&#8221;][vc_column css=&#8221;.vc_custom_1622117809761{padding-bottom: 15px !important;}&#8221;][vc_column_text css=&#8221;.vc_custom_1622109237050{background-color: #9ecd52 !important;}&#8221;]<\/p>\n<p style=\"text-align: center;\"><span style=\"color: #ffffff;\">Udfyld formularen og modtag et godt tilbud<\/span><\/p>\n<p>[\/vc_column_text]\n<div class=\"wpcf7 no-js\" id=\"wpcf7-f73002-o1\" lang=\"en-US\" dir=\"ltr\" data-wpcf7-id=\"73002\">\n<div class=\"screen-reader-response\"><p role=\"status\" aria-live=\"polite\" aria-atomic=\"true\"><\/p> <ul><\/ul><\/div>\n<form action=\"\/index.php\/wp-json\/wp\/v2\/pages\/79192#wpcf7-f73002-o1\" method=\"post\" class=\"wpcf7-form init\" aria-label=\"Contact form\" novalidate=\"novalidate\" data-status=\"init\">\n<fieldset class=\"hidden-fields-container\"><input type=\"hidden\" name=\"_wpcf7\" value=\"73002\" \/><input type=\"hidden\" name=\"_wpcf7_version\" value=\"6.1.4\" \/><input type=\"hidden\" name=\"_wpcf7_locale\" value=\"en_US\" \/><input type=\"hidden\" name=\"_wpcf7_unit_tag\" value=\"wpcf7-f73002-o1\" \/><input type=\"hidden\" name=\"_wpcf7_container_post\" value=\"0\" \/><input type=\"hidden\" name=\"_wpcf7_posted_data_hash\" value=\"\" \/>\n<\/fieldset>\n<p>Navn\n<\/p>\n<p><span class=\"wpcf7-form-control-wrap\" data-name=\"navn\"><input size=\"40\" maxlength=\"400\" class=\"wpcf7-form-control wpcf7-text wpcf7-validates-as-required\" aria-required=\"true\" aria-invalid=\"false\" value=\"\" type=\"text\" name=\"navn\" \/><\/span>\n<\/p>\n<p>Adresse (valgfri)\n<\/p>\n<p><span class=\"wpcf7-form-control-wrap\" data-name=\"adresse\"><input size=\"40\" maxlength=\"400\" class=\"wpcf7-form-control wpcf7-text\" aria-invalid=\"false\" value=\"\" type=\"text\" name=\"adresse\" \/><\/span>\n<\/p>\n<p>Postnummer (valgfri)\n<\/p>\n<p><span class=\"wpcf7-form-control-wrap\" data-name=\"postnummer\"><input size=\"40\" maxlength=\"400\" class=\"wpcf7-form-control wpcf7-text\" aria-invalid=\"false\" value=\"\" type=\"text\" name=\"postnummer\" \/><\/span>\n<\/p>\n<p>Telefon\n<\/p>\n<p><span class=\"wpcf7-form-control-wrap\" data-name=\"telefon\"><input size=\"40\" maxlength=\"400\" class=\"wpcf7-form-control wpcf7-tel wpcf7-validates-as-required wpcf7-text wpcf7-validates-as-tel\" aria-required=\"true\" aria-invalid=\"false\" value=\"\" type=\"tel\" name=\"telefon\" \/><\/span>\n<\/p>\n<p>E-mail\n<\/p>\n<p><span class=\"wpcf7-form-control-wrap\" data-name=\"email\"><input size=\"40\" maxlength=\"400\" class=\"wpcf7-form-control wpcf7-email wpcf7-validates-as-required wpcf7-text wpcf7-validates-as-email\" aria-required=\"true\" aria-invalid=\"false\" value=\"\" type=\"email\" name=\"email\" \/><\/span>\n<\/p>\n<p>Beskriv kort din opgave (valgfri)\n<\/p>\n<p><span class=\"wpcf7-form-control-wrap\" data-name=\"besked\"><textarea cols=\"40\" rows=\"10\" maxlength=\"2000\" class=\"wpcf7-form-control wpcf7-textarea\" aria-invalid=\"false\" placeholder=\"Ved fliserens angiv gerne antal m2, om der \u00f8nskes impr\u00e6gnering\/fugesand\" name=\"besked\"><\/textarea><\/span>\n<\/p>\n<p><span class=\"wpcf7-form-control-wrap\" data-name=\"acceptance-701\"><span class=\"wpcf7-form-control wpcf7-acceptance optional\"><span class=\"wpcf7-list-item\"><label><input type=\"checkbox\" name=\"acceptance-701\" value=\"1\" aria-invalid=\"false\" \/><span class=\"wpcf7-list-item-label\">Jeg er indforst\u00e5et med, at Jysk Algeservice m\u00e5 kontakte mig med information om services via telefon og e-mail, og at mine data behandles iht. persondatapolitikken.<\/span><\/label><\/span><\/span><\/span>\n<\/p>\n<p>[honeypot skjult-felt]\n<\/p>\n<p><input class=\"wpcf7-form-control wpcf7-submit has-spinner\" type=\"submit\" value=\"Send\" \/>\n<\/p><div class=\"wpcf7-response-output\" aria-hidden=\"true\"><\/div>\n<\/form>\n<\/div>\n[\/vc_column][\/vc_row][vc_row][vc_column][vc_column_text][html5_video id=78620][\/vc_column_text][\/vc_column][\/vc_row][vc_row css=&#8221;.vc_custom_1544103126775{margin-top: 40px !important;padding-top: 40px !important;padding-bottom: 40px !important;background-color: #f7f7f7 !important;}&#8221;][vc_column width=&#8221;1\/3&#8243; offset=&#8221;vc_hidden-sm vc_hidden-xs&#8221;][vc_single_image image=&#8221;75601&#8243; img_size=&#8221;full&#8221; css_animation=&#8221;left-to-right&#8221; el_class=&#8221;.colorbg&#8221;][\/vc_column][vc_column width=&#8221;2\/3&#8243;][vc_custom_heading text=&#8221;HELE DANMARK ER VORES ARBEJDSPLADS&#8221; font_container=&#8221;tag:h3|text_align:left|color:%23000000&#8243; el_class=&#8221;heading-title-2&#8243;][vc_column_text]<\/p>\n<p data-start=\"76\" data-end=\"373\">Algerne gror over hele Danmark, og uanset om du bor p\u00e5 Sj\u00e6lland, Fyn eller i Jylland, s\u00e5 st\u00e5r vi klar til at hj\u00e6lpe dig i kampen mod algerne. Med vores professionelle udstyr og effektive metoder sikrer vi en sk\u00e5nsom og langtidsholdbar l\u00f8sning, s\u00e5 dine overflader igen fremst\u00e5r rene og velholdte.<\/p>\n<p data-start=\"375\" data-end=\"538\" data-is-last-node=\"\" data-is-only-node=\"\">Kontakt os i dag for et uforpligtende tilbud \u2013 vi r\u00e5dgiver gerne om den bedste l\u00f8sning til netop din ejendom og s\u00f8rger for, at du f\u00e5r et flot resultat uden besv\u00e6r.<\/p>\n<p style=\"color: #000;\"><strong>Se ogs\u00e5 vores samarbejdspartner <span style=\"color: #000000;\"><a style=\"color: #000000;\" href=\"https:\/\/www.danskrenseservice.dk\/\" target=\"_blank\" rel=\"noopener noreferrer\">Dansk Rense-service<\/a><\/span><\/strong><\/p>\n<p class=\"p1\">[su_button url=&#8221;tel:4542570999&#8243; background=&#8221;#84c758&#8243; color=&#8221;#ffffff&#8221; size=&#8221;5&#8243; icon=&#8221;icon: phone&#8221; icon_color=&#8221;#ffffff&#8221;]Ring[\/su_button] [su_button url=&#8221;mailto:info@jyskalgeservice.dk&#8221; background=&#8221;#84c758&#8243; color=&#8221;#ffffff&#8221; size=&#8221;5&#8243; icon=&#8221;icon: send-o&#8221; icon_color=&#8221;#ffffff&#8221;]Email[\/su_button]<\/p>\n<p class=\"p1\">[su_button url=&#8221;\/kontakt\/&#8221; background=&#8221;#84c758&#8243; color=&#8221;#ffffff&#8221; size=&#8221;5&#8243; icon=&#8221;icon: envelope-o&#8221; icon_color=&#8221;#ffffff&#8221;]Kontakt os[\/su_button]<\/p>\n<p>[\/vc_column_text][\/vc_column][\/vc_row]<\/p>\n","protected":false},"excerpt":{"rendered":"<p>[vc_row css=&#8221;.vc_custom_1740134437613{padding-top: 50px !important;padding-bottom: 50px !important;}&#8221;][vc_column][vc_custom_heading text=&#8221;Kataloger og datablade&#8221; font_container=&#8221;tag:h1|font_size:28|text_align:left|color:%23000000&#8243; el_class=&#8221;heading-title-2&#8243;][vc_column_text css=&#8221;.vc_custom_1740134915723{padding-bottom: 25px !important;}&#8221;] Hos Jysk Algeservice prioriterer vi b\u00e5de [&hellip;]<\/p>\n","protected":false},"author":2,"featured_media":78640,"parent":0,"menu_order":0,"comment_status":"closed","ping_status":"closed","template":"","meta":{"site-sidebar-layout":"default","site-content-layout":"","ast-site-content-layout":"default","site-content-style":"default","site-sidebar-style":"default","ast-global-header-display":"","ast-banner-title-visibility":"","ast-main-header-display":"","ast-hfb-above-header-display":"","ast-hfb-below-header-display":"","ast-hfb-mobile-header-display":"","site-post-title":"","ast-breadcrumbs-content":"","ast-featured-img":"","footer-sml-layout":"","ast-disable-related-posts":"","theme-transparent-header-meta":"","adv-header-id-meta":"","stick-header-meta":"","header-above-stick-meta":"","header-main-stick-meta":"","header-below-stick-meta":"","astra-migrate-meta-layouts":"default","ast-page-background-enabled":"default","ast-page-background-meta":{"desktop":{"background-color":"var(--ast-global-color-5)","background-image":"","background-repeat":"repeat","background-position":"center center","background-size":"auto","background-attachment":"scroll","background-type":"","background-media":"","overlay-type":"","overlay-color":"","overlay-opacity":"","overlay-gradient":""},"tablet":{"background-color":"","background-image":"","background-repeat":"repeat","background-position":"center center","background-size":"auto","background-attachment":"scroll","background-type":"","background-media":"","overlay-type":"","overlay-color":"","overlay-opacity":"","overlay-gradient":""},"mobile":{"background-color":"","background-image":"","background-repeat":"repeat","background-position":"center center","background-size":"auto","background-attachment":"scroll","background-type":"","background-media":"","overlay-type":"","overlay-color":"","overlay-opacity":"","overlay-gradient":""}},"ast-content-background-meta":{"desktop":{"background-color":"var(--ast-global-color-4)","background-image":"","background-repeat":"repeat","background-position":"center center","background-size":"auto","background-attachment":"scroll","background-type":"","background-media":"","overlay-type":"","overlay-color":"","overlay-opacity":"","overlay-gradient":""},"tablet":{"background-color":"var(--ast-global-color-4)","background-image":"","background-repeat":"repeat","background-position":"center center","background-size":"auto","background-attachment":"scroll","background-type":"","background-media":"","overlay-type":"","overlay-color":"","overlay-opacity":"","overlay-gradient":""},"mobile":{"background-color":"var(--ast-global-color-4)","background-image":"","background-repeat":"repeat","background-position":"center center","background-size":"auto","background-attachment":"scroll","background-type":"","background-media":"","overlay-type":"","overlay-color":"","overlay-opacity":"","overlay-gradient":""}},"footnotes":""},"class_list":["post-79192","page","type-page","status-publish","has-post-thumbnail","hentry"],"yoast_head":"<!-- This site is optimized with the Yoast SEO plugin v26.9 - https:\/\/yoast.com\/product\/yoast-seo-wordpress\/ -->\n<title>Professionel algeservice for erhverv: Fliserens, facaderens, tagrenderens og algebehandling<\/title>\n<meta name=\"description\" content=\"Jysk Algeservice tilbyder professionel algeservice til erhverv, inkl. fliserens, facaderens, tagrenderens og algebehandling. Effektiv rensning med fokus p\u00e5 kvalitet og holdbarhed.\" \/>\n<meta name=\"robots\" content=\"noindex, follow, max-snippet:-1, max-image-preview:large, max-video-preview:-1\" \/>\n<meta property=\"og:locale\" content=\"en_US\" \/>\n<meta property=\"og:type\" content=\"article\" \/>\n<meta property=\"og:title\" content=\"Professionel algeservice for erhverv: Fliserens, facaderens, tagrenderens og algebehandling\" \/>\n<meta property=\"og:description\" content=\"Jysk Algeservice tilbyder professionel algeservice til erhverv, inkl. fliserens, facaderens, tagrenderens og algebehandling. Effektiv rensning med fokus p\u00e5 kvalitet og holdbarhed.\" \/>\n<meta property=\"og:url\" content=\"https:\/\/dazzling-bhaskara.46-4-121-245.plesk.page\/index.php\/materialer\/\" \/>\n<meta property=\"og:site_name\" content=\"Everything Inc.\" \/>\n<meta name=\"twitter:card\" content=\"summary_large_image\" \/>\n<meta name=\"twitter:label1\" content=\"Est. reading time\" \/>\n\t<meta name=\"twitter:data1\" content=\"4 minutes\" \/>\n<script type=\"application\/ld+json\" class=\"yoast-schema-graph\">{\"@context\":\"https:\/\/schema.org\",\"@graph\":[{\"@type\":\"WebPage\",\"@id\":\"https:\/\/dazzling-bhaskara.46-4-121-245.plesk.page\/index.php\/materialer\/\",\"url\":\"https:\/\/dazzling-bhaskara.46-4-121-245.plesk.page\/index.php\/materialer\/\",\"name\":\"Professionel algeservice for erhverv: Fliserens, facaderens, tagrenderens og algebehandling\",\"isPartOf\":{\"@id\":\"https:\/\/dazzling-bhaskara.46-4-121-245.plesk.page\/#website\"},\"primaryImageOfPage\":{\"@id\":\"https:\/\/dazzling-bhaskara.46-4-121-245.plesk.page\/index.php\/materialer\/#primaryimage\"},\"image\":{\"@id\":\"https:\/\/dazzling-bhaskara.46-4-121-245.plesk.page\/index.php\/materialer\/#primaryimage\"},\"thumbnailUrl\":\"\",\"datePublished\":\"2025-02-21T10:23:34+00:00\",\"description\":\"Jysk Algeservice tilbyder professionel algeservice til erhverv, inkl. fliserens, facaderens, tagrenderens og algebehandling. Effektiv rensning med fokus p\u00e5 kvalitet og holdbarhed.\",\"breadcrumb\":{\"@id\":\"https:\/\/dazzling-bhaskara.46-4-121-245.plesk.page\/index.php\/materialer\/#breadcrumb\"},\"inLanguage\":\"en-US\",\"potentialAction\":[{\"@type\":\"ReadAction\",\"target\":[\"https:\/\/dazzling-bhaskara.46-4-121-245.plesk.page\/index.php\/materialer\/\"]}]},{\"@type\":\"ImageObject\",\"inLanguage\":\"en-US\",\"@id\":\"https:\/\/dazzling-bhaskara.46-4-121-245.plesk.page\/index.php\/materialer\/#primaryimage\",\"url\":\"\",\"contentUrl\":\"\"},{\"@type\":\"BreadcrumbList\",\"@id\":\"https:\/\/dazzling-bhaskara.46-4-121-245.plesk.page\/index.php\/materialer\/#breadcrumb\",\"itemListElement\":[{\"@type\":\"ListItem\",\"position\":1,\"name\":\"Home\",\"item\":\"https:\/\/dazzling-bhaskara.46-4-121-245.plesk.page\/\"},{\"@type\":\"ListItem\",\"position\":2,\"name\":\"Materialer\"}]},{\"@type\":\"WebSite\",\"@id\":\"https:\/\/dazzling-bhaskara.46-4-121-245.plesk.page\/#website\",\"url\":\"https:\/\/dazzling-bhaskara.46-4-121-245.plesk.page\/\",\"name\":\"Everything Inc.\",\"description\":\"\",\"potentialAction\":[{\"@type\":\"SearchAction\",\"target\":{\"@type\":\"EntryPoint\",\"urlTemplate\":\"https:\/\/dazzling-bhaskara.46-4-121-245.plesk.page\/?s={search_term_string}\"},\"query-input\":{\"@type\":\"PropertyValueSpecification\",\"valueRequired\":true,\"valueName\":\"search_term_string\"}}],\"inLanguage\":\"en-US\"}]}<\/script>\n<!-- \/ Yoast SEO plugin. -->","yoast_head_json":{"title":"Professionel algeservice for erhverv: Fliserens, facaderens, tagrenderens og algebehandling","description":"Jysk Algeservice tilbyder professionel algeservice til erhverv, inkl. fliserens, facaderens, tagrenderens og algebehandling. Effektiv rensning med fokus p\u00e5 kvalitet og holdbarhed.","robots":{"index":"noindex","follow":"follow","max-snippet":"max-snippet:-1","max-image-preview":"max-image-preview:large","max-video-preview":"max-video-preview:-1"},"og_locale":"en_US","og_type":"article","og_title":"Professionel algeservice for erhverv: Fliserens, facaderens, tagrenderens og algebehandling","og_description":"Jysk Algeservice tilbyder professionel algeservice til erhverv, inkl. fliserens, facaderens, tagrenderens og algebehandling. Effektiv rensning med fokus p\u00e5 kvalitet og holdbarhed.","og_url":"https:\/\/dazzling-bhaskara.46-4-121-245.plesk.page\/index.php\/materialer\/","og_site_name":"Everything Inc.","twitter_card":"summary_large_image","twitter_misc":{"Est. reading time":"4 minutes"},"schema":{"@context":"https:\/\/schema.org","@graph":[{"@type":"WebPage","@id":"https:\/\/dazzling-bhaskara.46-4-121-245.plesk.page\/index.php\/materialer\/","url":"https:\/\/dazzling-bhaskara.46-4-121-245.plesk.page\/index.php\/materialer\/","name":"Professionel algeservice for erhverv: Fliserens, facaderens, tagrenderens og algebehandling","isPartOf":{"@id":"https:\/\/dazzling-bhaskara.46-4-121-245.plesk.page\/#website"},"primaryImageOfPage":{"@id":"https:\/\/dazzling-bhaskara.46-4-121-245.plesk.page\/index.php\/materialer\/#primaryimage"},"image":{"@id":"https:\/\/dazzling-bhaskara.46-4-121-245.plesk.page\/index.php\/materialer\/#primaryimage"},"thumbnailUrl":"","datePublished":"2025-02-21T10:23:34+00:00","description":"Jysk Algeservice tilbyder professionel algeservice til erhverv, inkl. fliserens, facaderens, tagrenderens og algebehandling. Effektiv rensning med fokus p\u00e5 kvalitet og holdbarhed.","breadcrumb":{"@id":"https:\/\/dazzling-bhaskara.46-4-121-245.plesk.page\/index.php\/materialer\/#breadcrumb"},"inLanguage":"en-US","potentialAction":[{"@type":"ReadAction","target":["https:\/\/dazzling-bhaskara.46-4-121-245.plesk.page\/index.php\/materialer\/"]}]},{"@type":"ImageObject","inLanguage":"en-US","@id":"https:\/\/dazzling-bhaskara.46-4-121-245.plesk.page\/index.php\/materialer\/#primaryimage","url":"","contentUrl":""},{"@type":"BreadcrumbList","@id":"https:\/\/dazzling-bhaskara.46-4-121-245.plesk.page\/index.php\/materialer\/#breadcrumb","itemListElement":[{"@type":"ListItem","position":1,"name":"Home","item":"https:\/\/dazzling-bhaskara.46-4-121-245.plesk.page\/"},{"@type":"ListItem","position":2,"name":"Materialer"}]},{"@type":"WebSite","@id":"https:\/\/dazzling-bhaskara.46-4-121-245.plesk.page\/#website","url":"https:\/\/dazzling-bhaskara.46-4-121-245.plesk.page\/","name":"Everything Inc.","description":"","potentialAction":[{"@type":"SearchAction","target":{"@type":"EntryPoint","urlTemplate":"https:\/\/dazzling-bhaskara.46-4-121-245.plesk.page\/?s={search_term_string}"},"query-input":{"@type":"PropertyValueSpecification","valueRequired":true,"valueName":"search_term_string"}}],"inLanguage":"en-US"}]}},"_links":{"self":[{"href":"https:\/\/dazzling-bhaskara.46-4-121-245.plesk.page\/index.php\/wp-json\/wp\/v2\/pages\/79192","targetHints":{"allow":["GET"]}}],"collection":[{"href":"https:\/\/dazzling-bhaskara.46-4-121-245.plesk.page\/index.php\/wp-json\/wp\/v2\/pages"}],"about":[{"href":"https:\/\/dazzling-bhaskara.46-4-121-245.plesk.page\/index.php\/wp-json\/wp\/v2\/types\/page"}],"author":[{"embeddable":true,"href":"https:\/\/dazzling-bhaskara.46-4-121-245.plesk.page\/index.php\/wp-json\/wp\/v2\/users\/2"}],"replies":[{"embeddable":true,"href":"https:\/\/dazzling-bhaskara.46-4-121-245.plesk.page\/index.php\/wp-json\/wp\/v2\/comments?post=79192"}],"version-history":[{"count":0,"href":"https:\/\/dazzling-bhaskara.46-4-121-245.plesk.page\/index.php\/wp-json\/wp\/v2\/pages\/79192\/revisions"}],"wp:featuredmedia":[{"embeddable":true,"href":"https:\/\/dazzling-bhaskara.46-4-121-245.plesk.page\/index.php\/wp-json\/"}],"wp:attachment":[{"href":"https:\/\/dazzling-bhaskara.46-4-121-245.plesk.page\/index.php\/wp-json\/wp\/v2\/media?parent=79192"}],"curies":[{"name":"wp","href":"https:\/\/api.w.org\/{rel}","templated":true}]}}